ghest common divisor of 10 and c.
10
Let o = -28 + 23. Let a = o + 11. Calculate the greatest common divisor of a and 18.
6
Let a = -4 + 10. Suppose 3*x = 5*m, -30 = -3*x + m - a*m. Suppose l - 67 = -4*g, 3*l - 57 = g - x*g. Calculate the greatest common divisor of 162 and g.
18
Suppose 20 = -8*m + 12*m, -160 = -5*n - m. Let o = -22 - -6. Let t = n + o. Calculate the highest common factor of 105 and t.
15
Suppose -3*w - 2*z + 13 = -4*z, 0 = 5*z + 10. Suppose -g + 48 = 4*y, -g + 173 = 3*g - w*y. Calculate the highest common divisor of g and 4.
4
Let a(o) = -6*o - 3. Let g be a(-3). Suppose m - l - g = 0, 5*m + 9 = 6*m - 4*l. Calculate the greatest common factor of 17 and m.
17
Suppose -11 + 5 = -2*b. Suppose 0 = -6*k + 45 + b. Calculate the greatest common divisor of 64 and k.
8
Let t = 67 - -36. Let z = t + -93. Calculate the greatest common factor of z and 35.
5
Suppose 111*t - 115*t + 128 = 3*a, -5*a - 4*t = -216. What is the greatest common factor of a and 12?
4
Suppose 6*m - 1112 + 626 = 0. Let d(r) = -r**3 + 5*r**2 + 4*r - 3. Let g be d(3). Calculate the highest common factor of g and m.
27
Suppose 73*h - 56760 = 13*h. What is the highest common factor of 88 and h?
22
Let o = 284 + -223. Let x be (-27)/(-12) + 1/(-4). Suppose -3*b - r + 5*r = -177, -x*r - o = -b. What is the greatest common divisor of b and 11?
11
Suppose 16*b - 3780 - 172 = 0. What is the greatest common factor of b and 57?
19
Suppose -81 = 7*a - 25. Let j be (1*a/(-16))/(2/756). Let c(g) = -28*g**3 - 2*g**2 + 1. Let p be c(-1). Calculate the greatest common factor of j and p.
27
Let v = -2 - -5. Let a = 320 - 287. What is the highest common divisor of v and a?
3
Let z be -14*(-2 - 1) - -2. Let y be 1 + -1 + -2 + z. Suppose 12*l - 11*l = -5*k + 12, 0 = -2*l + 3*k + 11. What is the greatest common factor of y and l?
7
Suppose 128 = 3*k + 2*q - 0*q, k - 52 = -3*q. Calculate the highest common divisor of 96 and k.
8
Let z = 8454 + -8450. Suppose 4*u = -4*i + 56, 0 = 2*i - 3*i - 2*u + 18. What is the greatest common divisor of z and i?
2
Suppose -4*a - 4*q - 232 = 0, -a - q = -2*q + 52. Let w = a - -136. Calculate the greatest common factor of 54 and w.
27
Suppose -q - 6 = -4*q. Suppose 4 = q*p, 0 = -3*g + 2*g - p + 2. Let b(k) = k + 40. Let d be b(g). What is the highest common divisor of d and 16?
8
Let s = -10 + 21. Let k(z) = -15*z - 136. Let b be k(-12). Calculate the highest common factor of b and s.
11
Let u(q) = 36*q**2 + q. Let i be u(1). Suppose i = j + 9. Let v be -1 + (11 - ((4 - 5) + (-3 - -7))). What is the greatest common divisor of v and j?
7
Suppose 0 = 5*f + l - 178, -4*f = f - l - 182. Suppose x - 4*k - 236 = 0, -3*k - 82 = -x + 158. Calculate the highest common factor of x and f.
36
Let t(y) = -9*y**2 - 17*y - 25. Let u(o) = 5*o**2 + 9*o + 12. Let a(m) = -3*t(m) - 5*u(m). Let p be a(-4). Calculate the highest common divisor of p and 23.
23
Let a = 2 + -2. Suppose -2*u = 5*h - 7, 12 = -a*h - 4*h. Let x be (21 - -2) + 70/7. Calculate the highest common factor of x and u.
11
Let k = -299 + 304. What is the greatest common factor of 4 and k?
1
Suppose 11*c + 5*x + 15 = 6*c, -2*c + 14 = -3*x. Suppose -v + 16 = c. Calculate the greatest common factor of v and 6.
3
Suppose 6*b - 4*b - 270 = 0. What is the greatest common factor of 15 and b?
15
Suppose 0 = -0*c - 3*c + o + 212, -3*c + 4*o = -200. Let w be 3*(-4)/(-12) - -8. Calculate the greatest common divisor of w and c.
9
Let v = 1284 - 296. Calculate the highest common factor of v and 156.
52
Let r(i) = -i**3 - i**2 + 5*i + 2. Let g be r(-3). Let h = 403 + -378. What is the greatest common factor of g and h?
5
Suppose 0 = u - 2*u - 19. Let a = u + 45. What is the greatest common factor of 13 and a?
13
Suppose 61*o + 18060 = 89*o. What is the greatest common divisor of 75 and o?
15
Let z = 241 + 513. What is the greatest common divisor of 26 and z?
26
Suppose -5*d = -c + 34, -3*c + 85*d = 83*d - 76. What is the greatest common factor of 456 and c?
24
Suppose -3*b = 5*p - 4*b - 12959, 2*p - 5183 = b. Calculate the greatest common factor of p and 12.
12
Let a(s) be the first derivative of -s**4/4 + 5*s**3/3 + 7*s**2/2 + s - 15. Let j be a(5). Calculate the greatest common divisor of j and 90.
18
Let t(b) = b**2 - b - 5. Let u be t(-2). Calculate the greatest common divisor of u and 49.
1
Suppose 3*c = 0, 4*o - 2*c + c - 8 = 0. Suppose 6 = 2*q, -o*s - 2*q + 269 = -q. Calculate the greatest common divisor of s and 19.
19
Let z(i) = 6*i - 64. Let l be z(25). Calculate the greatest common factor of l and 473.
43
Let s(y) = -y**2 - 7*y + 1. Let d be s(-6). Let t be 2/d - 10/35. Suppose 3*l + 15 - 36 = t. What is the greatest common divisor of 1 and l?
1
Let r(p) = p + 169. Let w be r(0). Suppose -m - 5*j + 52 = 0, -5*m + 211 = j - w. Calculate the greatest common divisor of 7 and m.
7
Let k be ((-3)/(-3) + -1)/(-1). Let z be (-2 - 1 - -3) + 18. Suppose k*x + 2*x - z = 0. What is the greatest common factor of 27 and x?
9
Let f = 1652 + -471. Let d = f + -785. What is the highest common factor of 36 and d?
36
Suppose -4*p - 5*x = 13, 4*p + 4*x + 8 = -0*x. Suppose p*d - 13 - 14 = 0. What is the greatest common factor of d and 18?
9
Suppose 561 = 4*b - 2183. Let r = -479 + b. Calculate the highest common divisor of 23 and r.
23
Let f be 34 + 7 + -11 - 5. What is the greatest common divisor of 65 and f?
5
Let p = -6 - -10. Suppose 5*b - 3*q = 36, -2*q - 6 = -p*q. Calculate the highest common factor of b and 81.
9
Suppose 5*i - 90 = 60. What is the highest common factor of i and 210?
30
Suppose 31 = 5*s + 1. Let b = s - -79. Calculate the greatest common divisor of b and 17.
17
Let t(r) = -r**3 + 7*r**2 + 9*r + 2. Let v = 32 + -23. Let k = -1 + v. Let i be t(k). What is the highest common divisor of i and 20?
10
Let u be 9/6 + (-18)/(-4). Calculate the greatest common factor of u and 38.
2
Suppose 2*c - 286 = -5*d + 234, 0 = -c + 2*d + 278. What is the greatest common divisor of 10 and c?
10
Suppose 4*o = 3*q + 209, 4*o + 5*q - 199 = 50. Let x = 2 - 2. Suppose x = 3*t - 8*t + 35. Calculate the greatest common divisor of t and o.
7
Let y(h) = 9*h + 3. Let m be y(-1). Let d be ((-234)/10)/(m/20). What is the greatest common divisor of 52 and d?
26
Let j(x) = -x**3 + 6*x**2 - 3*x - 5. Let q be j(5). Suppose 10 - 30 = -q*a. Suppose 31 = a*f + 7. What is the highest common factor of 4 and f?
2
Let m = 2363 - 2147. What is the greatest common divisor of m and 27?
27
Let w = 599 - 438. Calculate the highest common factor of w and 23.
23
Let d(a) = a**3 - 5*a**2 - 3*a - 10. Let x = -12 + 17. Let h be d(x). Let i = h - -46. Calculate the greatest common divisor of i and 189.
21
Let b = -2664 + 2679. Let p be ((-48)/(-1))/(4/10). Suppose 4*j = 120 + p. Calculate the greatest common divisor of j and b.
15
Let t(g) = 3*g + 1. Let k be t(1). Let u be 12/16 - (-17)/k. What is the greatest common divisor of u and 20?
5
Let a be (3*99/45)/((-2)/(-60)). Calculate the greatest common factor of 36 and a.
18
Let t be ((-2)/(-4)*12)/(1/(-14)). Let l be (-3 + t/(-20))/(3/130). Calculate the greatest common divisor of l and 4.
4
Let c be (-3 - 3 - -3)/(3/(-54)). What is the highest common divisor of 4 and c?
2
Let q be (3356/(-10))/(-4 + 57/15). Suppose 12*g - 5566 = -q. Calculate the greatest common divisor of 36 and g.
36
Let n be (748/119)/((-2)/(-77)). What is the greatest common factor of 176 and n?
22
Let h = -1966 - -3841. What is the greatest common divisor of 75 and h?
75
Suppose 10 = 16*g - 14*g. Suppose g*s = 12 - 2. Calculate the highest common divisor of 18 and s.
2
Suppose 0 = -2*h + 10, 2*h + 5 = 2*x - 45. Calculate the highest common divisor of x and 50.
10
Suppose w - 4 - 1 = 0. What is the greatest common divisor of w and 190?
5
Let s = -55 - -50. Let p be 24 - (s/(-5) + 1 + -2). What is the greatest common factor of p and 4?
4
Suppose 2*m - 15 - 115 = 0. Calculate the greatest common divisor of 26 and m.
13
Let q(c) = c**3 - 30*c**2 + 31*c - 33. Let b be q(29). Suppose -3*r + 100 = -r. Calculate the highest common factor of r and b.
25
Let l = 863 + -751. What is the highest common factor of l and 476?
28
Suppose 16726 = 43*k - 775. Calculate the highest common divisor of k and 33.
11
Suppose 17*r - 701 = 319. Calculate t